{"id":5858,"date":"2023-04-05T14:19:11","date_gmt":"2023-04-05T14:19:11","guid":{"rendered":"https:\/\/maksvzw.org\/onze_jaarverslagen\/les-grevistes-de-la-faim-accedent-a-une-voix-numerique\/"},"modified":"2023-04-05T14:19:11","modified_gmt":"2023-04-05T14:19:11","slug":"les-grevistes-de-la-faim-accedent-a-une-voix-numerique","status":"publish","type":"onze_jaarverslagen","link":"https:\/\/maksvzw.org\/fr\/nos_rapports_annuels\/les-grevistes-de-la-faim-accedent-a-une-voix-numerique\/","title":{"rendered":"Les gr\u00e9vistes de la faim acc\u00e8dent \u00e0 une voix num\u00e9rique"},"featured_media":5235,"template":"","meta":{"_acf_changed":false,"_seopress_robots_primary_cat":"","_seopress_titles_title":"","_seopress_titles_desc":"","_seopress_robots_index":""},"dates":[68],"class_list":["post-5858","onze_jaarverslagen","type-onze_jaarverslagen","status-publish","has-post-thumbnail","hentry","dates-2022-fr"],"acf":[],"_links":{"self":[{"href":"https:\/\/maksvzw.org\/fr\/wp-json\/wp\/v2\/onze_jaarverslagen\/5858","targetHints":{"allow":["GET"]}}],"collection":[{"href":"https:\/\/maksvzw.org\/fr\/wp-json\/wp\/v2\/onze_jaarverslagen"}],"about":[{"href":"https:\/\/maksvzw.org\/fr\/wp-json\/wp\/v2\/types\/onze_jaarverslagen"}],"wp:featuredmedia":[{"embeddable":true,"href":"https:\/\/maksvzw.org\/fr\/wp-json\/wp\/v2\/media\/5235"}],"wp:attachment":[{"href":"https:\/\/maksvzw.org\/fr\/wp-json\/wp\/v2\/media?parent=5858"}],"wp:term":[{"taxonomy":"dates","embeddable":true,"href":"https:\/\/maksvzw.org\/fr\/wp-json\/wp\/v2\/dates?post=5858"}],"curies":[{"name":"wp","href":"https:\/\/api.w.org\/{rel}","templated":true}]}}

Les grévistes de la faim accèdent à une voix numérique
