{"id":7240,"date":"2024-10-17T14:46:03","date_gmt":"2024-10-17T14:46:03","guid":{"rendered":"https:\/\/maksvzw.org\/onze_jaarverslagen\/resilience\/"},"modified":"2024-10-17T14:46:03","modified_gmt":"2024-10-17T14:46:03","slug":"resilience","status":"publish","type":"onze_jaarverslagen","link":"https:\/\/maksvzw.org\/fr\/nos_rapports_annuels\/resilience\/","title":{"rendered":"R\u00e9silience :"},"featured_media":7205,"template":"","meta":{"_acf_changed":false,"_seopress_robots_primary_cat":"","_seopress_titles_title":"R\u00e9silience : 20 jeunes de 15 ans et plus","_seopress_titles_desc":"Dans le cadre du projet \u00ab R\u00e9silience \u00bb, Maks a men\u00e9 une initiative innovante visant \u00e0 r\u00e9soudre le probl\u00e8me de la violence polici\u00e8re en utilisant la m\u00e9thodologie \u00ab Digital Design for Change \u00bb (conception num\u00e9rique pour le changement). Le projet a impliqu\u00e9 20 jeunes \u00e0 partir de l'\u00e2ge de 15 ans. ","_seopress_robots_index":""},"dates":[78],"class_list":["post-7240","onze_jaarverslagen","type-onze_jaarverslagen","status-publish","has-post-thumbnail","hentry","dates-2024-fr"],"acf":[],"_links":{"self":[{"href":"https:\/\/maksvzw.org\/fr\/wp-json\/wp\/v2\/onze_jaarverslagen\/7240","targetHints":{"allow":["GET"]}}],"collection":[{"href":"https:\/\/maksvzw.org\/fr\/wp-json\/wp\/v2\/onze_jaarverslagen"}],"about":[{"href":"https:\/\/maksvzw.org\/fr\/wp-json\/wp\/v2\/types\/onze_jaarverslagen"}],"wp:featuredmedia":[{"embeddable":true,"href":"https:\/\/maksvzw.org\/fr\/wp-json\/wp\/v2\/media\/7205"}],"wp:attachment":[{"href":"https:\/\/maksvzw.org\/fr\/wp-json\/wp\/v2\/media?parent=7240"}],"wp:term":[{"taxonomy":"dates","embeddable":true,"href":"https:\/\/maksvzw.org\/fr\/wp-json\/wp\/v2\/dates?post=7240"}],"curies":[{"name":"wp","href":"https:\/\/api.w.org\/{rel}","templated":true}]}}

Résilience :

Résilience : 20 jeunes de 15 ans et plus

Dans le cadre du projet « Résilience », Maks a mené une initiative innovante visant à résoudre le problème de la violence policière en utilisant la méthodologie « Digital Design for Change » (conception numérique pour le changement). Le projet a impliqué 20 jeunes à partir de l'âge de 15 ans.
